6
Calculate 17 - (-45 + 6 + 28 - (-40 - -1)).
-11
Calculate -161 + 269 + -113 - (-11 - 2).
8
Calculate (-189 - -142 - (-4 + (0 - -7 - 3))) + 10.
-37
Calculate 4 - (-151 - -126 - (-39 - -3)).
-7
(-6 - (6 - 28)) + -3 + 65
78
What is the value of 13 - (316 + -348 - (0 + -14))?
31
Calculate 14 + -17 - (0 + 50).
-53
What is the value of 210 + -85 - 8 - 39?
78
4 + (-11 - -11) + -4 + 2 + -7 + 13
8
Evaluate -69 + -102 + 63 - (-7 - (2 + (5 - 12))).
-106
What is -26 - (13 - ((22 - 15) + 3))?
-29
Calculate -1 - 12 - (-152 - -114) - 4.
21
What is the value of 1 + 1 + 5 - -14 - ((-4 - -4) + 2)?
19
Calculate (3 - (3 + 120)) + -21 + 27 + -10 - 7.
-131
(17 + 24 - 86) + -72 + 6
-111
Calculate 33 + (26 - 46) - 7.
6
Evaluate 31 + (-16 - -58 - 87).
-14
What is the value of 7 + 2 + ((-8 - 0) + 21 + -3 - 27)?
-8
What is the value of -63 + (3 - (2 - -31)) - -5?
-88
Evaluate 17 + 55 + 9 + -113.
-32
39 + -42 + (10 - (0 + 3))
4
Evaluate 26 + -2 + 2582 + -2535.
71
Evaluate 6 + 2 + -60 - 0 - -5.
-47
39 - (-19 + 19 + 8 + 0 + -8 + -1)
40
What is 6 - (-11 + 25) - 2 - ((-7 - -2) + 5)?
-10
What is (-23 - -12) + -83 + 81 + 2 + 150?
139
Calculate -70 - (17 + (0 - -4) - (31 - 22 - -2)).
-80
Calculate (128 + -129 + (44 - -2) - 12) + 5 + -2.
36
What is 16 + -87 + (212 - 137)?
4
Evaluate -5 + 114 + -104 + (-1 - (2 + -71)).
73
Evaluate -2 + 14 - (-129 + -1 - (-159 - -180) - -27).
136
What is the value of 51 - -2 - (721 - 697)?
29
Evaluate -37 + 52 + -22 - (-6 + (6 - 36)).
29
Evaluate 28 + -10 + 1 + 8 + -87.
-60
What is 142 - (-52 - -76) - 48?
70
Calculate (19 - 28) + -5 + 12 + -1 + (-2 - -47).
42
0 + 27 - (-237 - (-287 - -81))
58
Evaluate -65 + (-62 - (113 - 153)).
-87
What is (42 - 63) + 49 - (-9 + (2 - 0))?
35
-72 + 48 + (14 + 3 + 6 - 8) + 72
63
What is (2 - -33) + (-123 - -41) + -62?
-109
Calculate (2 - (-6 + 25)) + 182 + -201.
-36
-72 - (-15 - (-126 + 93))
-90
Evaluate (-2 - 4) + (22 - (22 + -5)) + 40.
39
What is the value of (8038 - 7980) + -59 + 1?
0
Calculate (6 + -5 - -6 - -2) + -23 + 16.
2
What is the value of (-52 - -21 - 61) + 142?
50
Evaluate 68 - (-46 - -83) - 46.
-15
What is the value of 2 + 4 + -6 - 7 - (106 - 191)?
78
Calculate -60 - (7 + -4) - (-1 - (24 + -20 - 15)).
-73
What is -1243 + 1189 + 3 + 126?
75
Calculate (-37 - 63 - -24) + (4 - 1) - -9.
-64
What is 2 - -1 - (26 + -63 + 57)?
-17
(6 - (170 - 151)) + (30 - -2)
19
-49 + 20 + (-41 - -110)
40
What is -53 + (90 - 105) - 22?
-90
(-38 - (7 - 25)) + 11 + 40 + 7
38
Calculate 64 - ((583 - 576) + 1 + -15).
71
What is the value of 80 - (15 - (26 - 38))?
53
What is the value of (7 - (27 - 6)) + (-7 - 45)?
-66
Calculate -19 + -4 + 2 + 11 + (-2 - 16).
-28
-599 + 586 - (5 + -2 + -22 - 2)
8
What is the value of (2 - 21 - 11) + (-10 - -21)?
-19
184 + -61 + -9 - 42
72
What is the value of 112 - (1 + -3 - (-7 + 0) - (-4859 - -4865))?
113
(0 - 36) + (-13 - (16 + -19 + -5 + 5))
-46
What is the value of -83 + (23 - (-4 + -21))?
-35
What is the value of (-11 + 5 - -25 - 27) + 4 + 85?
81
What is (66 - 50) + 2 + -16 + -7 + -3?
-8
34 + (-13 - ((-2 - 13) + 13) - -8) + 6
37
Evaluate 3878 + -3954 - ((-7 + 7 - 7) + (0 - 1)).
-68
Calculate 96 + -13 - 83 - -37.
37
What is -68 - -1 - ((32 - 35) + (14 - 16)) - -12?
-50
Calculate (-522 - -438) + -7 + -12 + 9.
-94
-18 + 15 + 1 - (-15 + 2 + -3) - 1
13
Calculate (-2 - -9) + -22 + -10 + 11 + 10.
-4
2 + 18 - ((-23 - 35) + 48)
30
What is 11 + (14 - -3) + 34 + -21?
41
(-3 + 20 - 8) + -2 - (-4 - -7)
4
What is 89 + (-175 - -133) - -99?
146
4 - 89 - (-81 - 11 - -84)
-77
Calculate (13 - -82) + (-14 - (-13 + -9)) + -2.
101
28 + -17 + -25 + 28 + (3 - 5)
12
-273 + 287 + 7 + -1 + -37
-17
Calculate (17 - 31) + (-1 - 6) + -11 + (-8 - -44).
4
Evaluate -13 + 25 + (19 - 7 - 7).
17
Calculate -9 + (53 - 99) + 103.
48
What is the value of -118 - (-32 - (40 - 23))?
-69
Calculate -17 + 14 + 44 - (77 + -3).
-33
Evaluate -18 - (-3 - -4) - (-405 - -368).
18
Calculate 51 + -19 - (-60 + 53).
39
Calculate 219 + -135 + -19 + (-8 + -1 - -1).
57
Calculate 11 + (-44 - -50) - ((0 - (0 + 1)) + -8).
26
(9 + -26 - -22 - (75 - 5 - -2)) + 11
-56
Calculate (25 + 7 + -23 - 0) + -30.
-21
What is the value of -1950 + 1959 + (11 - -1)?
21
Evaluate -3 + 7 + 1 - (-87 + 83 + 2 + 13).
-6
Evaluate -28 - (-2 - 20 - (97 - 63 - 80)).
-52
What is the value of -152 - (-259 - -224) - (-33 + 1)?
-85
40 - ((8 - -1) + 5 + 5 + 2 + -15)
34
Calculate -1000 + 1180 - (48 + 4).
128
(-3 - 0) + (-159 + 41 - -174)
53
-2 - (1 + 22 + (95 + -72 - 13))
-35
Evaluate -31566 + 31563 - (-22 - 1).
20
Calculate -47 - ((-29 - -16 - 4) + 17).
-47
What is the value of -16 - (-26 - (23 + -82 + 30))?
-19
What is 14 + (0 - -2) - (-195 - (152 + -371))?
-8
Evaluate 8 + (24 - 52) + -72 + 1 + -17.
-108
What is (-442 - -443) + (1 - 6 - (83 + -3))?
-84
Evaluate (-7 + 5 + -1 - ((22 - 11) + 60)) + -3.
-77
-6 - (-4 + (-1 - 3) + 44 + -51) - -65
74
Evaluate -26 + (76 - 19) - 35 - (7 + -2).
-9
What is the value of (4 + 14 - -5) + 1?
24
What is -58 + (171 + -34 - 59)?
20
Calculate (-2 - (21 + -11 - 6)) + -77 + -8.
-91
22 - (-1 - -3) - (1 + -6 - (-36 + 24))
13
-5 - (16 + 0 + (-1 - -31 - -15)) - 1
-67
What is -56 + (48 - (-14 - 57))?
63
What is 19 + -2 + 0 - (-168 + (78 - -76))?
31
What is 19 - (51 - 65) - 80?
-47
What is (-26 - 3) + -17 - -82?
36
What is 130 + (4 - 85 - -33) + 8?
90
Evaluate (-451 - -652) + -146 + 13.
68
(19 - 15) + 9 - 3 - (1 - 9) - -4
22
What is -8 + -1 + (-66 - (-52 + 47))?
-70
What is the value of 49 - (-1 + 8 + (-32 - (61 - 27 - 71)))?
37
8 - ((1 + 1 - 5) + -24 + 25)
10
Calculate -103 + 175 + (-35 - (-14 - -6)).
45
-8 + 27 + -4 + -34 - 3
-22
What is 4 + 45 + 3 + (1 - -13) - 7?
59
Evaluate -38 - 1 - (-2 + 5) - (15 + -41).
-16
189 + (-246 - -91) + 56
90
What is the value of 8 + (23 - -17 - -14)?
62
Calculate 11 - -2 - (74 + 3 + -93).
29
What is (-6 - -11 - -15 - 77) + (-5 - 8)?
-70
What is the value of 881 + -1071 + 123 + 10?
-57
Evaluate -16 + 11 - 35 - 6.
-46
What is -77 + 39 + -17 - -97?
42
Calculate -4 + 1 + (62 - 18).
41
107 - (-5 + (-24 - (32 + -79)))
89
What is (4 - -20) + 3 + (46 - (26 - -23))?
24
What is the value of 1 + -9 + 22 + -18 + (-36 - (128 - 269))?
101
What is the value of -34 - (7 + (-21 + 11 - 2 - -12))?
-41
What is the value of 57 + (-30 - (-6 + -3)) + 8?
44
What is -8 - (-1 + -1 - (3 + -5) - 10) - -8?
10
Calculate -26 + -40 + (3 - (-3 - -9)) + 5 + 9.
-55
What is (-22 - (-22 - (-16 - 9))) + 38 - -73?
86
What is 164 + (-75 - -102) + -112?
79
Evaluate 11 - (6 + (-3 - 1 - (-211 + 209))).
7
What is (-4 - 3 - (14 + -18)) + 45 + 2?
44
What is the value of 58 + 194 + -88 + -43?
121
What is the value of 0 + 24 + (-145 - (82 - 231))?
28
Evaluate 62 + -28 + 4 + -20 - 68.
-50
What is the value of 97 + -5 - (18 - -25) - (13 + 0)?
36
What is -122 + 2 + -2 - (-28 + 37 + (0 - -1))?
-132
What is the value of 4 + 28 + 31 + -42 + -35 + 64?
50
What is the value of -31 - -21 - (7 + 4 + -101 + 7)?
73
Calculate -16 - (4 + 9 + -92 + (-86 - -70)).
79
What is the value of -73 - (-20 - 36) - ((-2 - (-5 - -2)) + 4)?
-22
What is the value of (1 + 10 - 31 - (5 - 6)) + 2?
-17
What is 20 + -50 + 17 + 42?
29
Calculate (-1 - (0 - 4)) + (-11 + 103 - (-215 - -276)).
34
(32 - (-25 - 25)) + -103
-21
What is ((-3 - (1 - 10)) + -10 - -5) + 9 - -80?
90
What is 21 + (87 - 190 - -30)?
-52
15 - (-9 - (-46 + -4))
-26
Calculate -8 + (3 - 24) + (22 - (1 + 20)).
-28
(21 - -13 - 8 - 28) + (-1 + -30 - 0)
-33
Evaluate (17 - 7) + 12 + -1 + (34 - 23).
32
Evaluate 11 - -15 - 29 - (92 + 20 - (-1 + 2)).
-114
Evaluate -1 + -1 + 20 + -19 + -53 + 58.
4
Evaluate 83 - (-26 - (-11 - (47 - 24))).
75
-2986 - -2986 - (98 + (0 - 0))
-98
(-2 - -12 - (28 - 24)) + 5 - -20
31
Evaluate (-11 - -5 - (16 + -17)) + -66.
-71
Calculate -2 + -1 - (75 + -108 - (2 + -96)).
-64
What is the value of (0 - 1) + -10 - (3 - 10 - 1)?
-3
Calculate (-1 - -4) + 0 + -431 + 165 + 253 + 138.
128
-4 - (90 + -3) - (123 + -119) - -8
-87
Evaluate -5 + -170 + 175 - (-1 + 38 - 1).
-36
What is the value of (2 - 72) + (35 - 167) + 119?
-83
Calculate (-3 - -7) + 92 + -61 + 51 - 22.
64
What is (67 - 92) + 1 + 59?
35
What is the value of -27 + 12 - (-41 + (-2 - -13)) - 16?
-1
What is the value of (-2 + 2 - -3) + -13 + -46 + 37 + 104?
85
What is the value of -6 + (-18 - (-21 + -20) - (5 - 13))?
25
Evaluate 3 - ((0 - 9) + (81 - 3 - (226 + -244))).